 (22 - 12 - 9)?
-9
What is the value of 3 - (5 - (5 + -25))?
-22
-3 + (8 - (2 + -8 - -22))
-11
Calculate -58 + 37 + (13 - (-1 + 0 - -6)).
-13
Calculate (2 + 21 - 3) + -14 + 57 + -42.
21
(0 + -7 - -4 - -7 - 10) + 0
-6
What is 8 + -2 + -9 + -8?
-11
Evaluate -7 + (-6 - -1 - (-144 + 144)).
-12
-2 + 4 + -10 + -6 + 18
4
What is 2 + 8 - (-14 + 19 + -13)?
18
What is the value of (-12 - -8) + 10 + -5?
1
What is the value of (-7 + 9 - -4) + -3 - (5 - 1)?
-1
3 - ((3 - 2) + (12 - 13) - 4)
7
Evaluate (-30 - 3) + 31 + (2 - (-1 + -9)).
10
What is the value of 23 + (10 - 16 - 35)?
-18
Calculate (7 + 10 - 12) + 4.
9
Calculate -1 + -4 + 1 + (-4 - (14 - 28)).
6
Calculate -19 + 2 + 1 + 6 + -1.
-11
What is 4 - (-28 - -16 - -20)?
-4
What is 9 - (-2 + 1) - (28 - 4)?
-14
-1 - (21 - (1 + 13))
-8
-161 - -160 - (-1 + -5 - 2)
7
0 + -8 + (-11 - 11) + 6
-24
What is -5 + (36 - (17 - 2))?
16
Calculate -25 - (2 - (1 - -24)).
-2
Calculate (-3 - 22) + (-20 - -27).
-18
116 + -160 + (27 - 4)
-21
Calculate (22 - (39 + 0)) + (0 - -2).
-15
((7 - 8) + 3 - 9) + 7
0
Evaluate 10 + -4 + 0 + (15 - (5 - -3)).
13
What is -33 + (34 - 16) + 13?
-2
What is the value of (-14 - 1) + 147 + -109 - 15?
8
What is 87 + -90 + 7 + 14?
18
-25 + (7 + -8 - -14)
-12
-32 + 13 + (10 - 2) + 6 + 2
-3
What is 60 + 56 + -97 - (3 - 0)?
16
What is the value of (-59 - -41) + 22 + -2?
2
Evaluate -15 + 4 + (5 - 1 - (13 + -16)).
-4
Evaluate 100 + -102 - (-1 - (-2 + -9)).
-12
Calculate 1 + -2 + (8 - (11 - -6) - -24).
14
Calculate -37 - ((3 + -10 - -14) + -10).
-34
Calculate (-34 + 1 - -12 - 6) + 9.
-18
What is the value of 2 - (2 + -7 - 0)?
7
What is the value of -21 - (-6 - 21) - (-1 + 4) - -7?
10
What is -8 + 0 - (8 - (23 - (5 + 5)))?
-3
Calculate (-2 - (3 + -2 + 0)) + -185 + 186.
-2
What is 2 + (3 + 3 - -2 - 7 - 7)?
-4
What is the value of -4 - (8 + -25) - (-2 + 3)?
12
What is the value of 18 + (3 - 24) - -16?
13
Evaluate 12 + (10 - (-9 - -4)) - 0.
27
-3 + (-11 - -5) + (18 - 2)
7
Calculate 221 + -208 + 2 + -26.
-11
33 - (-12 + (1 - -7) + 4)
33
Calculate 122 + -130 + (-3 - -2).
-9
Evaluate (-5 - (7 + (5 - 10))) + 22.
15
What is the value of 13 + 12 + -1 + -37?
-13
What is the value of 5 + (-1 - 4) + -1 - -1 - -7?
7
Evaluate 9 - (-7 + (8 - 23 - (-1 - 7))).
23
Calculate (-9 + -6 - 1) + 12.
-4
What is the value of -632 - -635 - (-3 + 2 - -1 - -24)?
-21
-20 - (-6 - (11 + -9 - 22))
-34
What is the value of -23 + 11 + 2 + 6?
-4
(4 - 1) + 1 + (122 - 112)
14
-14 + 0 + -4 + 21
3
Calculate -3 - (2 + 8) - (-388 + 364).
11
Evaluate -4 - 1 - (-311 - -281).
25
What is the value of 3 - (0 - 1 - (-8 + -9 + 19))?
6
What is 0 + (7 - (-3 + 7)) + -8?
-5
Evaluate -7 - -4 - 16 - (1 + 15 + -12).
-23
What is 88 - 94 - (-5 + -1)?
0
What is (17 - -4) + (8 - 0) + 1?
30
-123 + 92 - (-16 - 0)
-15
Evaluate 15 + (10 - 3 - (-7 - -5 - -18)).
6
-83 + 15 + 41 - (-1 + 8)
-34
0 - 2 - (-7 - -9) - (0 + -4)
0
What is 28 + -31 + (15 - 7 - 7)?
-2
Evaluate -14 + -2 + 7 + -5 + 6.
-8
Calculate 18 + 0 + (-4 - 8 - 0).
6
What is 38 - (-15 - (-47 - -5))?
11
29 - ((-27 - -59) + -17)
14
Calculate -54 + 40 + 1 + 1 + -2 + 1.
-13
Calculate (-12 - -2) + 4 + 99 + -83.
10
What is 2 + -4 - ((-34 - -17) + 21)?
-6
Calculate 1 + -1 + (3 - (0 - -7)) + 5.
1
Evaluate 2 + 6 - (57 + -51) - -3.
5
What is the value of -4 - ((-12 - -2) + (-4 - (5 + -3)))?
12
Evaluate -3 + 17 + -22 + 14.
6
23 + (-21 - -22 - 19)
5
(-1 - (-11 - 0)) + (-135 - -140)
15
Calculate 17 + (-18 - 14) - -18.
3
-8 - -18 - (-3 - (-3 + -1 + 2))
11
Evaluate -45 - -33 - (-4 + -13).
5
Calculate -8 - ((4 - 2) + 4 - (-44 + 46)).
-12
What is (19 - 1) + (-56 + 48 - (-5 - 0))?
15
What is 81 + -82 + (-6 - -3)?
-4
Evaluate 180 + -173 + 0 + -37.
-30
What is the value of -3 - ((-8 - -10) + -1 + 5 + -2)?
-7
(44 - 28) + (6 - (-25 - -11))
36
Evaluate 15 + 28 + -20 + 2 + 5 + -11.
19
What is 17 - (0 + -1 + 12) - 3?
3
Calculate -14 - 11 - (-18 - 7).
0
Evaluate 0 + 2 - 8 - (-34 + 23 + 12).
-7
Evaluate 3 - 5 - -3 - (-8 - -1 - -6).
2
What is 5 - (-1 + 6 + (-8 - -1))?
7
What is -9 - (-13 + 7) - (-3 + 10 + 14)?
-24
Evaluate -8 + 4 + -1 + (-33 - -31).
-7
What is the value of -15 + -3 + (17 - (22 - 47))?
24
What is 18 + -16 + 1 + (2 - -2) + -5?
2
Calculate 0 + -3 + 5 - -3 - 2 - 7.
-4
Calculate -12 + 5 - (85 - 76).
-16
What is (8 - (-7 + -2)) + (-10 - -9 - 3)?
13
What is 19 + -14 - ((-8 - -13) + 11)?
-11
What is 19 - (-37 + -3 - -28)?
31
What is (-12 - (-9 + -8)) + (11 - 1)?
15
Evaluate -5 + 28 + -17 + (0 - 6) - -2.
2
What is 882 - 876 - (2 + (-2 - 14))?
20
Evaluate (-1 - -15 - -2) + (14 - 23 - -2).
9
What is (-3 - 4) + (-11 - -16)?
-2
What is the value of -5 - (11 + (-45 - -13 - -8))?
8
What is the value of (-2 - -8) + -11 + -11 + 3?
-13
What is the value of (-5 - (8 - (1 - -7))) + (-2 - -10)?
3
Calculate (26 - 25) + -5 + -8.
-12
10 - (45 - (10 + 0)) - (1 - 5)
-21
Calculate -1 - (-10 - (0 + -3 + 6) - -4).
8
6 + -8 + 11 + (14 - 27)
-4
Evaluate (55 - 39) + (2 - 11) + -19.
-12
What is (11 - 4) + -10 + -6?
-9
What is the value of -33 + 11 + (3 - -2)?
-17
What is 55 + -10 + -30 + (-1 - -2) + -3?
13
What is the value of (3 - -1) + (-23 + 10 - -15) + 1?
7
What is the value of -1 - 3 - -12 - (14 - 12) - 11?
-5
Evaluate (-3 - -5 - -4) + -10 + 7 - -4.
7
Evaluate 44 + (-20 - 22) + (-15 - (-1 - 1)).
-11
Evaluate -45 + 72 - (-16 - -27).
16
Evaluate (-26 - -2) + (104 - 93).
-13
Calculate -1 + 3 - (6 + 2).
-6
Calculate 16 + (-22 - -39) - 23.
10
Evaluate (2 - -16 - 10) + -13.
-5
Evaluate -2 - (-5 - 8) - (-22 - -11 - -18).
4
Calculate -9 + -1 - (-37 + -1 + 33).
-5
Calculate 16 - 2 - (7 + -12 - -8 - 4).
15
What is 13 + (4 - -6 - (-5 - -4))?
24
Evaluate 11 - (2 + (-3 - 3)).
15
What is 4 + 1 + (-70 - -64 - (-9 + -1))?
9
Calculate 0 + -2 + 1 + 19 + -14.
4
What is -2 + 15 + -13 + (-1 - -3 - 3)?
-1
Evaluate 30 + -15 + (5 + -4 - (-6 - -2)).
20
-42 + 29 + (1 - -5) - -5
-2
Evaluate 5 + 1 + (-13 - (1 + -4)) + -1.
-5
What is (-4 - 24) + 10 + -1 + 3?
-16
Evaluate 1 + -2 + 8 + -3 + -9.
-5
What is (10 - (-7 + -5 + 14)) + -4?
4
What is -8 + 12 + 5 + 0 + 1 + -37?
-27
Evaluate (0 - (1 - 0)) + (1 - -11).
11
Evaluate -23 - (-25 + -4 - -30).
-24
What is -11 + (-10 + 12 + 15 - 13)?
-7
What is (-2 - -4 - -2 - -6) + (-2 - 2)?
6
What is (3 + -7 + 3 - -7) + -3 + -14?
-11
Calculate 2 + 2 - 0 - (-13 + 20).
-3
What is (-1111 - -1118) + -13 + 0?
-6
What is (-14 - (-27 + 7)) + 2?
8
Evaluate -39 - -6 - (78 - 101).
-10
What is -467 - -480 - (1 + 10)?
2
Evaluate (-16 - (16 - -6 - 16)) + 1 + 6.
-15
What is the value of 14 + 13 + -17 + (0 - -1)?
11
What is the value of (1 - -14 - 20) + -7 + 25?
13
What is 2 + 5 + (-16 - -9) + 2 + -1?
1
-11 - (-7 + -12 + 18)
-10
What is (0 - (-8 - -1)) + (-16 - 0)?
-9
Evaluate 1 + 1 - (2 + -1 + 37 + -32).
-4
Evaluate (-1 - 10 - -17) + 2.
8
What is 12 - 4 - (-9 + (51 - 5) + -8)?
-21
What is -7 + 9 + (-4 - 0) + -12?
-14
What is -9 - (14 + -15) - 10?
-18
Calculate -707 + 746 - (1 + 8 + -3).
33
Calculate 5 - (10 + -28 - (1 + -4)).
20
Calculate 10 - (4 - 4 - -8).
2
-9 + 1 + -2 + (-7 - 1)
-18
-21 - (17 - (-17 + 27 + 10))
-18
What is the value of (4 - 1) + ((12 - 15) + 8 - 9)?
-1
Evaluate (12 + -2 - -1) + 0 + -429 + 423.
5
Evaluate -3 - 5 - (28 + -39) - -4.
7
(15 - 1) + -7 + (16 + -6 - -1)
18
What is (-12 - -23) + 9 - (2 + 0)?
18
What is -39 + 1 - 2 - (-50 - -34)?
-24
-43 + (-7 - -28) + 21
-1
-238 - -243 - (-18 + 3)
20
-7 + -2 + (-94 - -93)
-10
(51 - 1) + (193 - 225)
18
What is (102 - 92) + (-2 - 1 - 0) - 15?
-8
Calculate -119 + 102 - (-4 - 35).
22
Calculate 15 - (18 - (-30 - -26)).
-7
What is the value of -10 - (20 - 16) - -17?
3
What is 25 - (8 - (-13 + -2))?
2
Evaluate -22 + 21 + -12 + -15.
-28
What is the value of 15 + 6 - (-23 + 34)?
10
(-1 - (-17 - -8)) + 2 + 2
12
What is the value of -50 - (-8 - 4) - -18?
-20
11 - (-43 + (-21 - -52))
23
What is the value of 20 + (-5 + 0 - (34 - (0 + 30)))?
11
What is the value of (4 - -35 - 65) + 3?
-23
41 + -59 + (1 + -1 - (8 - 14))
-12
What is the value of 32 + (11 - 36) + -35?
-28
What is the value of 12 + 11 - 5 - 34?
-16
-7 - -9 - (8 + 2 - 10 - 3)
5
9 + (52 - 25) + -7
29
What is 0 + (16 - (-4 + -2 - 5))?
27
-3 + 4 + (-5 - -6) - (1 + 10)
-9
11 + 37 + -25 + -14 + 6
15
What is -28 - -33 - ((1 - 10) + -2)?
16
-36 - (-37 - -66 - 86)
21
What is -18 - (-4 + -19) - (10 - 0 - -2)?
-7
Calculate 35 - -12 - 110 - -47.
-16
Evalu